composite?
False
Let w(c) = 5*c + 28. Let o be w(-8). Is 8 - (-8)/(o/(-3)) a composite number?
True
Let f(v) = -5*v**3 - 12*v**2 + 5*v - 9. Let c(b) = -b**3 + b**2 + b + 1. Let s(p) = -5*c(p) - f(p). Is s(5) a prime number?
False
Suppose -t + 9 = -0*t + 3*a, -3*a = 3. Suppose 3*r = -36 + t. Is -4 - (-2412)/r*-2 a composite number?
False
Suppose j - 4*l = 27757, -5*j + 43823 = l - 95025. Is j prime?
False
Let n = -53 + 218. Let f be ((n - -2) + -1)*3. Suppose -26 = 4*z - f. Is z a composite number?
True
Let y(h) be the third derivative of 1/3*h**4 + 8*h**2 + 0 + 1/30*h**5 - 3/2*h**3 + 0*h. Is y(6) composite?
True
Let q(b) = 931*b**2 + 5*b - 7. Is q(-6) prime?
True
Let p = -110 - 27. Let a = p - -168. Is a a prime number?
True
Let p = 3725 + -1154. Suppose 5*m + 5*u - p = 4*u, -3*u = 12. Suppose k - m - 120 = 0. Is k a prime number?
False
Let v = 7 + -20. Let a = v - -19. Is (-1432)/20*(-15)/a composite?
False
Is (0 + 34)*6/(-60)*-995 composite?
True
Suppose q - 908 = 5*q. Let r = q - -336. Is r a prime number?
True
Suppose 0 = -z - 4*u + 2827, 0*z + 8461 = 3*z + 2*u. Is z composite?
False
Suppose -4*l - 4 = 0, 68 = 6*g - 3*g - 5*l. Suppose -5*q + g = -5*k + 1, -3*k = 12. Is (274 - 1) + q + 4 composite?
False
Let k be 4 - 8/(-6 + 2). Suppose 2*t - 9 + 1 = -2*y, k = 4*y - t. Suppose -v + 247 = j, -y*v + 377 = 3*j - 368. Is j prime?
True
Suppose 2*a - 5*y = 24, 0 = 3*y - 7*y - 16. Suppose 3*z + 2665 = a*s - 624, 4932 = 3*s - 5*z. Is s composite?
True
Let u = -576 + 844. Is 3 + -1 + u + -1 a composite number?
False
Suppose -133*i - 26790 = -139*i. Suppose -4*q = -s - i, 2*s - 6*s = -q + 1135. Is q prime?
False
Let o(n) = 74*n**2 - 3. Let b be o(-2). Suppose 2*q = 3*s + b, 286 = -0*q + 2*q + 4*s. Is q a prime number?
False
Suppose 0 = 2*u - 2*o - 14398, -11*u + 5*o = -9*u - 14395. Suppose -u = -4*j + 4996. Is j prime?
True
Suppose -1 = -3*a + 2, l + 2*a - 67 = 0. Let s = l + 28. Is s a prime number?
False
Let l = 18 - 10. Let c(m) = -m**3 + 13*m**2 - 8*m + 9. Is c(l) composite?
True
Suppose 79*o + 1 = 80*o. Let k(l) = 300*l**2 - 2*l + 1 + 2*l. Is k(o) composite?
True
Suppose -32*b + 488243 = -13*b. Is b a prime number?
False
Let x = 329 + 75. Let z = 961 - x. Is z composite?
False
Let c be 1/(3/9)*1. Suppose c*a = -a + 596. Suppose 3*v + 790 = 3*d - a, -v + 1 = 0. Is d prime?
False
Let m(o) = 745*o**2 - 17. Is m(-4) prime?
True
Let m(z) = 3*z**3 - 2*z**2 - 7. Let a be m(10). Let o = 3997 - a. Let q = -825 + o. Is q a composite number?
False
Suppose 7*f - 2897 = 5916. Is f a composite number?
False
Suppose -5 = -5*c, -2*n - 7*c + 10289 = -4*c. Is n a composite number?
True
Let l(p) be the first derivative of p**4/4 - p**3/3 - 11*p**2 - 5*p + 4. Let b(m) be the first derivative of l(m). Is b(-9) composite?
False
Suppose -21*g + 573 = -393. Is g a prime number?
False
Let o = 2317 - 200. Is o a prime number?
False
Let g(z) = -z**3 + 8*z**2 - 5*z - 9. Let n be g(7). Suppose -n*b + a = 39, -4*a = -b - 3*a - 7. Is (-4)/5*4220/b a prime number?
False
Let y(g) = 3*g + 14. Let z be y(-4). Suppose z*f + 37 = 675. Is f a prime number?
False
Suppose 0 = 2*s - n - 10, 16 - 40 = -4*s + 4*n. Is ((-148)/(-6))/((0 - s)/(-12)) prime?
False
Suppose -5*o + 35847 = 9332. Is o a composite number?
False
Let k(u) = 4*u**3 - 2*u**2 - 5*u + 1. Suppose -15 + 6 = -2*a - j, 0 = -3*a - 2*j + 14. Is k(a) a prime number?
False
Let l be 6*-1*(1 + 0). Let j be 3*(20/l + 3). Is 9 - 8 - j*218 a prime number?
False
Let w be 183 + 2/(-1) + 1. Let k = -325 + 649. Let m = k - w. Is m composite?
True
Let k = -65 - -62. Let m(x) = -278*x + 5. Is m(k) prime?
True
Let a(t) = -3435*t - 958. Is a(-39) composite?
True
Suppose 735 + 119 = 2*d. Is d a composite number?
True
Let k(a) = 43*a**2 + a + 34. Let l be k(-9). Is l*((-45)/(-20) + -2) prime?
True
Is (-3)/(0 + 21/(-18529)) composite?
False
Suppose -25 = 5*h + 35. Is 444 + h/3 - 1 prime?
True
Let r(z) = 597*z - 43. Is r(2) a prime number?
True
Suppose 4*m - 2305 = -g - 956, -4*m = 5*g - 6793. Is g composite?
False
Let q(x) = -5*x**2 + 78*x - 181. Let s be q(29). Suppose -16 + 4 = -3*c. Is s/(-54)*18/c prime?
False
Let a be 3*128/180 - (-4)/(-30). Suppose j = -4*g + 1793, -a*j + 941 - 3166 = -5*g. Is g prime?
False
Suppose 1089 = 3*w - 54. Suppose -2*s + 48 = 6*s. Suppose -9*u + w = -s*u. Is u a composite number?
False
Is -2 + 46028 + -1 + -49 + 45 a composite number?
False
Suppose 2*m - 3*v - 22 = 0, -3*m - 3*v - 56 = -7*m. Suppose -3*l - 3 + 9 = 0. Suppose -o + 6 + 20 = -c, m = o + l*c. Is o prime?
True
Let f = 7268 + -4857. Is f composite?
False
Suppose -5*o = 2*z + 2044, 3*o - 7*o + 3*z - 1626 = 0. Is (-3)/(-5) - o/20 a prime number?
False
Suppose 5 = -8*u + 29. Is (u - 145)*(-7)/2 composite?
True
Let c(j) = 19*j + 1. Let f = -4 + 6. Let a be c(f). Suppose 2*w - 45 = -5*i, -5*w + a + 1 = -2*i. Is w composite?
True
Suppose 7036 = n + 3*z, 9*z - 7*z = 3*n - 21119. Is n a composite number?
False
Let u be 6 + 1 + -2 + -1. Suppose u*q = q + 2337. Let x = q - 528. Is x a composite number?
False
Suppose 5*f + k - 11178 = 44022, -2*k = -5*f + 55215. Is f a composite number?
True
Is (7586/6)/(3 - 310/105) prime?
False
Is ((-164)/(-574) + (-112802)/14)/(-1) a prime number?
False
Let w(z) = -2*z**2 + 7*z + 1. Let y be w(6). Suppose -5*o + 5*b = 80, 11 - 2 = -3*b. Let p = o - y. Is p composite?
True
Let x(h) = 2*h**3 - 6*h**2 - 2*h + 4. Let n be -11 + (-2)/((-4)/(-6)). Let r = n - -19. Is x(r) composite?
True
Let y = -6 - -16. Let d(v) = -v**3 + 10*v**2 + 6*v + 5. Is d(y) composite?
True
Suppose -7 = 5*h + 13, -4*x + 3*h = -24. Is 77 - 4/(4/x) prime?
False
Let p be 4/8 - (-11)/2. Suppose -2*o = -p*o + 812. Is o prime?
False
Let z = -77 + -104. Suppose -2*n = 2*a - 622, -2*n + 3*a + 144 = -493. Let g = n + z. Is g composite?
True
Suppose 7*k = 108489 - 31300. Is k composite?
False
Let b = 1681 - -10096. Is b composite?
False
Suppose 2*g + 12*g = 13678. Is g a prime number?
True
Suppose -3*n = 3*w - 6*w - 48798, w = 5. Is n a prime number?
False
Let q(o) = -3*o**2 + 18*o - 1. Let i be q(6). Is (-93 - 8)/(-2*i/(-10)) composite?
True
Let q(c) = 7*c**2 - 48*c - 66. Is q(25) a composite number?
False
Suppose 0 = -s - 5*i + 9, -4*s = i - 6*i - 11. Suppose -s*x = -3933 - 3415. Is x a prime number?
False
Is ((-64869)/147)/(2/(-14)) prime?
True
Suppose -5*p + 1 = 26, -2*p = -4*j + 438. Let n = 82 + j. Let l = n + 2. Is l a prime number?
True
Let u = 5119 + -2000. Is u prime?
True
Let h(w) = -3*w + 13. Let d be h(7). Let x be (-4)/5*(-15)/(-2). Is (-331)/(-4) - x/d a composite number?
True
Suppose k - 3*k - 4*a + 6706 = 0, -5*k = -4*a - 16695. Is k a prime number?
True
Suppose 2*s = 4*u - 0*u + 5414, -5*u = -5*s + 13510. Suppose 5*l - s - 1171 = -4*f, f + 5*l - 967 = 0. Is f a prime number?
True
Suppose 4*o = -2*c - 3*c - 3, -5*c - 2*o = 9. Suppose -2*q - 2*q = 36. Is 9/c*1887/q a composite number?
True
Suppose p - 28 = -p. Suppose 4*c - p = -2*a, 4*a - 5*c = 2 - 0. Suppose -a*s + 261 = -0*s. Is s a composite number?
True
Is -8 + 12 - (2/(-2) - 1680) composite?
True
Suppose 0 = -57*l + 59*l + 6. Is 33 + (l - -23)/5 a prime number?
True
Let t be 3*((-2)/3 + 0). Is (-10 - -13) + 461*t*-2 composite?
False
Let f = 20 + -15. Suppose 3*b - f*w - 1128 = 0, -3*w + 593 = 2*b - 178. Is b a composite number?
True
Let g = 99 + -96. Suppose 5*h + 5 = 0, -5*n + g*h + h = -18959. Is n prime?
False
Let l(p) = 26*p - 45. Is l(31) a prime number?
True
Suppose -504888 = -13*x - 157957. Is x prime?
True
Suppose 3*d - 1489 = 2*h, 0*h - 1978 = -4*d - h. Suppose 4*s - 19 - d = -3*b, 0 = -4*s - b + 510. Is s a prime number?
True
Let v = 1 + 1. Let m be 2986/v - (-6)/(-3). Suppose m = 3*b - 0*b. Is b prime?
False
Let z = 2 + 0. Suppose -2*v - 2*y + 12 + 0 = 0, 5*v - 14 = 3*y. Suppose 2*m - z*s = 3*s + 193, 4*m - 344 = -v*s. Is m composite?
False
Suppose 0 = -4*h + 5*g + 717, 7*h - 3*g - 361 = 5*h. Let v = -99 + h. Is v composite?
True
Suppose 93*v - 103*v + 930 = 0. Let g(x) = 5*x**2 + 3*x - 2. Let i be g(6). Let p = i - v. Is p a composite number?
False
Suppose -5*w - 8 - 27 = 0. Let c(k) = 13*k**2 - 5*k - 8. Let j be c(w). Is (-18)/(-30) - j/(-10) composite?
False
Let r = -7411 + 11348. Is r prime?
False
Suppose -383615 = -16*k + 92849. Is k prime?
False
Suppose 15*y + 28533 = 110